rime factors of 1472261?
7, 210323
List the prime factors of 109269.
3, 19, 71
List the prime factors of 6167474.
2, 3083737
What are the prime factors of 4705380?
2, 3, 5, 26141
What are the prime factors of 472053?
3, 157351
List the prime factors of 421717.
421717
What are the prime factors of 234173?
37, 6329
What are the prime factors of 32016358?
2, 11, 132299
List the prime factors of 3236624.
2, 202289
List the prime factors of 5197.
5197
What are the prime factors of 1085112?
2, 3, 7, 2153
List the prime factors of 394606.
2, 191, 1033
List the prime factors of 3807168.
2, 3, 79, 251
List the prime factors of 2405759.
89, 27031
What are the prime factors of 1079408?
2, 11, 6133
What are the prime factors of 3194938?
2, 1597469
What are the prime factors of 218740?
2, 5, 10937
What are the prime factors of 1590770?
2, 5, 271, 587
What are the prime factors of 222250?
2, 5, 7, 127
What are the prime factors of 35880186?
2, 3, 5980031
List the prime factors of 641939.
691, 929
What are the prime factors of 24121183?
4831, 4993
List the prime factors of 2283155.
5, 7, 9319
List the prime factors of 5791169.
17, 340657
What are the prime factors of 518327?
518327
List the prime factors of 7758307.
17, 41, 11131
List the prime factors of 4809341.
41, 2861
What are the prime factors of 21927777?
3, 2351, 3109
List the prime factors of 647491.
13, 49807
List the prime factors of 5075450.
2, 5, 83, 1223
What are the prime factors of 231960?
2, 3, 5, 1933
List the prime factors of 78807.
3, 109, 241
What are the prime factors of 590161?
11, 13, 4127
List the prime factors of 1128490.
2, 5, 11, 10259
What are the prime factors of 802521?
3, 29723
What are the prime factors of 2600053?
29, 89657
What are the prime factors of 797961?
3, 265987
What are the prime factors of 1977756?
2, 3, 11, 14983
List the prime factors of 3046731.
3, 821, 1237
What are the prime factors of 1860970?
2, 5, 186097
List the prime factors of 13485786.
2, 3, 1291, 1741
List the prime factors of 2178762.
2, 3, 173, 2099
What are the prime factors of 3808327?
3808327
List the prime factors of 477206.
2, 269, 887
What are the prime factors of 3092248?
2, 83, 4657
List the prime factors of 4189459.
4189459
List the prime factors of 182276.
2, 45569
What are the prime factors of 8803373?
37, 237929
What are the prime factors of 198879?
3, 66293
List the prime factors of 1384117.
7, 23, 8597
What are the prime factors of 5581777?
127, 43951
What are the prime factors of 6768027?
3, 7, 103, 149
What are the prime factors of 1346929?
19, 70891
List the prime factors of 157741.
233, 677
What are the prime factors of 950797?
23, 67, 617
List the prime factors of 1538332.
2, 23, 727
What are the prime factors of 1260486?
2, 3, 239, 293
List the prime factors of 464678.
2, 17, 79, 173
What are the prime factors of 1088425?
5, 13, 17, 197
List the prime factors of 2454559.
83, 29573
What are the prime factors of 22477132?
2, 43, 130681
List the prime factors of 360496.
2, 22531
List the prime factors of 5850478.
2, 1129, 2591
List the prime factors of 100352.
2, 7
List the prime factors of 287280.
2, 3, 5, 7, 19
List the prime factors of 3228068.
2, 807017
What are the prime factors of 707736?
2, 3, 37, 797
List the prime factors of 21387665.
5, 13, 37, 8893
List the prime factors of 19300629.
3, 89, 72287
What are the prime factors of 14400864?
2, 3, 31, 1613
List the prime factors of 262580.
2, 5, 19, 691
List the prime factors of 446199.
3, 13, 17, 673
What are the prime factors of 1355374?
2, 677687
List the prime factors of 843428.
2, 210857
What are the prime factors of 9103699?
11, 23, 35983
What are the prime factors of 3185151?
3, 1061717
List the prime factors of 402628.
2, 17, 31, 191
What are the prime factors of 36476718?
2, 3, 6079453
List the prime factors of 1683088.
2, 11, 73, 131
List the prime factors of 111374.
2, 233, 239
What are the prime factors of 2260035?
3, 5, 16741
List the prime factors of 10777804.
2, 37, 72823
What are the prime factors of 158212?
2, 37, 1069
What are the prime factors of 152827?
67, 2281
What are the prime factors of 4415614?
2, 7, 17, 18553
List the prime factors of 144806.
2, 17, 4259
List the prime factors of 160910.
2, 5, 16091
List the prime factors of 2092280.
2, 5, 19, 2753
List the prime factors of 18489.
3, 6163
What are the prime factors of 6642?
2, 3, 41
List the prime factors of 73955.
5, 7, 2113
What are the prime factors of 94232?
2, 11779
List the prime factors of 6778369.
13, 607, 859
List the prime factors of 1270461.
3, 17, 29, 859
What are the prime factors of 344512?
2, 7, 769
List the prime factors of 394764.
2, 3, 67, 491
What are the prime factors of 14873?
107, 139
What are the prime factors of 258026?
2, 17, 7589
List the prime factors of 673711.
83, 8117
What are the prime factors of 1785273?
3, 7, 151, 563
What are the prime factors of 460547?
17, 27091
What are the prime factors of 950961?
3, 11, 28817
List the prime factors of 1979256.
2, 3, 82469
What are the prime factors of 15829?
11, 1439
List the prime factors of 161262.
2, 3, 17, 31
What are the prime factors of 2154646?
2, 13, 79, 1049
What are the prime factors of 31094783?
31094783
What are the prime factors of 681022?
2, 37, 9203
What are the prime factors of 16554095?
5, 3310819
List the prime factors of 1942705.
5, 388541
List the prime factors of 6270536.
2, 23, 53, 643
What are the prime factors of 1664038?
2, 37, 113, 199
What are the prime factors of 3263791?
3263791
What are the prime factors of 1870287?
3, 131, 4759
What are the prime factors of 762838?
2, 381419
What are the prime factors of 1851057?
3, 13, 1217
List the prime factors of 8215098.
2, 3, 1369183
List the prime factors of 2553477.
3, 851159
List the prime factors of 5195175.
3, 5, 113, 613
List the prime factors of 403237.
19, 1117
What are the prime factors of 2440175?
5, 97607
List the prime factors of 139454.
2, 7, 1423
List the prime factors of 829178.
2, 7, 8461
List the prime factors of 985285.
5, 7, 28151
List the prime factors of 1589869.
47, 33827
List the prime factors of 64431.
3, 7159
What are the prime factors of 659144?
2, 82393
List the prime factors of 9035718.
2, 3, 1505953
What are the prime factors of 2068105?
5, 13, 31817
List the prime factors of 5805297.
3, 127, 1693
What are the prime factors of 3727208?
2, 465901
What are the prime factors of 2415176?
2, 301897
List the prime factors of 2448763.
79, 139, 223
What are the prime factors of 169051?
71, 2381
List the prime factors of 3699356.
2, 29, 31891
What are the prime factors of 10781637?
3, 347, 10357
What are the prime factors of 206442?
2, 3, 3823
List the prime factors of 4176972.
2, 3, 116027
List the prime factors of 523653.
3, 13, 29, 463
What are the prime factors of 8686?
2, 43, 101
What are the prime factors of 2925276?
2, 3, 317, 769
List the prime factors of 9769904.
2, 610619
What are the prime factors of 17102540?
2, 5, 7, 13, 9397
What are the prime factors of 574032?
2, 3, 11959
List the prime factors of 838699.
347, 2417
List the prime factors of 6418989.
3, 53, 13457
What are the prime factors of 31057148?
2, 7764287
What are the prime factors of 1506102?
2, 3, 13, 19309
List the prime factors of 10578286.
2, 5289143
List the prime factors of 13108.
2, 29, 113
List the prime factors of 6214806.
2, 3, 13, 227
What are the prime factors of 98228?
2, 13, 1889
What are the prime factors of 172020?
2, 3, 5, 47, 61
List the prime factors of 98008.
2, 12251
List the prime factors of 10488408.
2, 3, 7, 149, 419
What are the prime factors of 1518649?
11, 138059
List the prime factors of 2101688.
2, 29, 9059
What are the prime factors of 1297402?
2, 29, 22369
What are the prime factors of 2219965?
5, 11, 181, 223
List the prime factors of 851384.
2, 31, 3433
What are the prime factors of 12610677?
3, 73, 89, 647
What are the prime factors of 43324?
2, 10831
List the prime factors of 2295192.
2, 3, 95633
List the prime factors of 3948196.
2, 7, 37, 103
List the prime factors of 1046395.
5, 7, 4271
List the prime factors of 884286.
2, 3, 13, 3779
List the prime factors of 252550.
2, 5, 5051
List the prime factors of 20061959.
20061959
List the prime factors of 423825.
3, 5, 5651
List th